z) = 42*z**2 - 6*z - 2. Suppose -10*a + 10 = -10. Let y be t(a). Let l = y + -42. What are the prime factors of l?
2, 7
Suppose 0 = -0*r - 8*r. Suppose -o + 5*k + 18 = r, -o - 2*k + 2 = 5. Suppose -f + 209 = -5*s, 4*f - 275 - 561 = -o*s. List the prime factors of f.
11, 19
Let f(l) = 1356*l**3 - 5*l**2 - 4*l + 3. Let p(h) = -1355*h**3 + 6*h**2 + 6*h - 4. Let c(x) = 3*f(x) + 2*p(x). List the prime factors of c(1).
2, 3, 113
Let o = 32 - 32. Suppose o = -2*p - 0. Suppose -3*f - 9 + 270 = p. What are the prime factors of f?
3, 29
Let m(j) = -3*j**2 - 3*j - 1. Let t be m(-1). Let a(y) = -131*y + 1. Let w be a(t). Suppose 5*i - 228 = w. List the prime factors of i.
2, 3
Let l(h) = h**2 - 12*h + 4. Let o be l(12). Suppose 3*n = -4*j + 23 - 3, 0 = -5*j + o*n - 6. List the prime factors of (28 - j) + 2 + 1 + -4.
5
Let r be ((-7)/((-196)/(-371)))/((-2)/8). Let b = 64 - r. List the prime factors of b.
11
Let v(d) = -29*d**2 - 225*d + 67. Let o(i) = 11*i**2 + 82*i - 22. Let q(x) = -8*o(x) - 3*v(x). Let n be (-13*1)/1*-1. List the prime factors of q(n).
53
Let w = 36 + -46. Let p be (-6 + 2 - -5)*w. What are the prime factors of ((-76)/8 - 3)*p?
5
Suppose 15*f - 93 - 132 = 0. Let u(g) = g**3 - 13*g**2 - 11*g + 50. List the prime factors of u(f).
5, 67
Let n(h) be the first derivative of 3*h**3 + 9*h**2 + 12*h + 9. Let b be n(-10). Suppose 0 = 3*j + 9*j - b. List the prime factors of j.
61
Let q = 31 + -28. Suppose q*s + 10 = 4*s. List the prime factors of (-6 - s/(-8))/(1/(-20)).
5, 19
Let y = -3 + 8. Suppose n = y*l + 3*n + 59, -4*n - 52 = 4*l. Let d = l - -23. What are the prime factors of d?
2, 3
Suppose 0 = -10*s + 13 + 7. Suppose -s*c - 2*k = -12, 0*c + 5*c - 21 = 4*k. Suppose 0*h + 918 = c*f + 3*h, 734 = 4*f + 2*h. What are the prime factors of f?
3, 61
Suppose -a - 121 = -4*p, -5*a - 322 - 217 = 2*p. Let t = 264 - a. Suppose 875 = 6*i - t. List the prime factors of i.
2, 13
Let k(z) = 131*z**2 + 2135*z - 11. What are the prime factors of k(-20)?
9689
Let x(a) = 59*a - 36. Let s(d) = -108*d + 69. Let m(n) = 6*s(n) + 11*x(n). Let h be (-2)/3 + (-11)/(-3). What are the prime factors of m(h)?
3, 7
Let s(l) = 32*l**2 - 1366. What are the prime factors of s(-19)?
2, 11, 463
Suppose 21*v - 6*v - 60 = 0. Suppose v*k - 71 - 2449 = 0. What are the prime factors of k?
2, 3, 5, 7
Let y(o) = -51*o + 28. Let k be y(3). What are the prime factors of 15/(-2)*4200/k?
2, 3, 7
Let j(o) = o**2 - 31*o + 18. Let d be (-3)/((-12)/28) + 27. List the prime factors of j(d).
2, 3, 5
Suppose -23*a = 51*a - 810966. What are the prime factors of a?
3, 13, 281
Suppose k + 7 = 2*y, 3*k + y = 6*y - 16. Suppose k*o + 2*n = 1472, 2*o - 1036 = -2*n - 54. Suppose -130 = -4*d + o. List the prime factors of d.
5, 31
Let x(g) = -32*g**3 + g**2 - g + 4. Suppose 22*u = -2*o + 27*u + 11, -2*o + u - 1 = 0. List the prime factors of x(o).
2, 7, 19
Let l = -45 - -45. Suppose l = -18*x + 23*x + 805. Let z = 289 + x. List the prime factors of z.
2
Let y = 31 + 176. Let c = 334 - y. Let z = c + -62. List the prime factors of z.
5, 13
Let m(k) = -k**3 + 6*k**2 + 2*k + 2. Let n = 49 + -49. Suppose -2*j + 23 = 3*o - n*j, -4 = -j. List the prime factors of m(o).
37
Let x(g) = -9*g**3 - 22*g**2 - 6*g + 80. What are the prime factors of x(-10)?
2, 5, 347
Let g(m) = -2*m + 73. Let t be g(0). Let f be (11*(-9)/45)/(2/(-10)). Suppose f*d - t = -7. List the prime factors of d.
2, 3
Suppose -10684 = 66*i - 69*i + 2*a, 4*i = -2*a + 14264. What are the prime factors of i?
2, 3, 11
Suppose -45135 = -5*u + 5*o - 16440, -4*u = o - 22981. What are the prime factors of u?
2, 359
Suppose -76 = 23*b + 683. List the prime factors of (-6)/b + (-155)/(-110)*662.
3, 311
Suppose 283*t = 411*t - 1606272. List the prime factors of t.
3, 47, 89
Suppose -53211 = -4*f - 23204 + 72137. List the prime factors of f.
2, 3, 7, 19
Suppose 2*m + 12977 = -0*m + 84427. What are the prime factors of m?
5, 1429
Suppose 26*s - 227 = 813. What are the prime factors of s?
2, 5
Let f(g) = 686*g**3 + 4*g**2 - 136*g + 408. What are the prime factors of f(3)?
2, 3, 1031
Let a = -174 + 177. Suppose -a*q + 7*q - 2*g = 1838, -g = 5. List the prime factors of q.
457
Let l = 4400 - -15524. What are the prime factors of l?
2, 17, 293
Let y(c) = -2*c**3 + 6*c**2 - 2*c + 1. Let p be y(2). Let h(z) = -z**3 + 6*z**2 - 7*z + 10. Let o be h(p). What are the prime factors of -1*(-2 + (o - 1))?
3
Let g = -4184 + 8076. List the prime factors of g.
2, 7, 139
What are the prime factors of 6*(12 + (-18736)/(-24))?
2, 29, 41
Let a = 56 - 415. Let o = -158 - a. List the prime factors of o.
3, 67
Suppose 19*v - 23*v - 28005 = -s, 4*s + 4*v = 111940. What are the prime factors of s?
13, 2153
Let g(m) be the first derivative of m**3/3 + 7*m**2 + m - 1. Suppose -u = -3*u + 5*q - 76, 0 = -3*u + 5*q - 99. List the prime factors of g(u).
2, 13
Let m(h) = -h**3 + h**2 + 120. Let w be m(0). Suppose x = 61 + w. List the prime factors of x.
181
Let i = -265 - -270. Suppose 0*f - 22 = -2*f. Suppose -i*o - 168 = -f*o. List the prime factors of o.
2, 7
Let c = 120 + 1403. List the prime factors of c.
1523
Let t(u) be the first derivative of -631*u**2 + 72*u + 307. What are the prime factors of t(-1)?
2, 23, 29
Suppose -3*i + 15 = 0, 10 = -0*v + v + 2*i. Suppose -p - 10 + 11 = v. Let u = 223 + p. What are the prime factors of u?
2, 7
What are the prime factors of 26/(-8) + 7052632/1504?
2, 3, 11, 71
Suppose 3*c - 4 - 15 = -k, 28 = 2*k + 4*c. Suppose -4*y + 22 = -2. Suppose -y*d - k + 52 = 0. List the prime factors of d.
2
Let k = -15785 + 27507. List the prime factors of k.
2, 5861
Let r be 4 + 132/(-30) + 1694/10. Let s = 188 - r. What are the prime factors of s?
19
Suppose 6499*z - 6500*z = -9, -4*u = 2*z - 126406. What are the prime factors of u?
19, 1663
Let l(q) = -q - 14 - 10 + 17. Let r be l(4). Let c = r + 19. What are the prime factors of c?
2
Let o(n) = -13*n**3 - 12*n**2 - 9*n + 23. List the prime factors of o(-8).
31, 193
What are the prime factors of (61710/(-45))/(-2)*3?
11, 17
Suppose -30 = -5*y - 4*j, 3*y - y = j - 1. Suppose 5*n - 5774 = 5*v + 1021, y*n + 4*v - 2724 = 0. List the prime factors of n.
2, 5, 17
Let d(b) = 10*b + 69. Let n be d(-8). What are the prime factors of 4122/10 - n/(-55)?
2, 103
Suppose 4*p = -3*m + 5 + 1, -2*p + 2*m - 4 = 0. Suppose 5*c - 2*h - 642 = c, p = 4*h + 4. List the prime factors of c.
2, 5
Suppose -3*n + 46104 = 5*y + 16421, 0 = 2*n - 2*y - 19778. What are the prime factors of n?
3, 7, 157
Let b be ((-8)/(-3))/(4/6). Suppose -4*o = b*j + 24, 0 = 5*o + 4*j + 20 + 7. What are the prime factors of 7 - -102 - (o - -2)?
2, 5, 11
Let p(r) = -4*r + 54. Let x be p(5). Let l = x + 410. What are the prime factors of l?
2, 3, 37
Let k(j) = 24*j - 82. Let h be ((-4)/(-2)*3)/2*11. What are the prime factors of k(h)?
2, 5, 71
Suppose -2*t + 420 = 3*q, 3*q = 2*q + 3*t + 129. Let g be (7/(-14))/(2/32). Let f = q + g. List the prime factors of f.
2, 5, 13
Let k(d) = d + 144. Let n be k(6). Suppose 155*g - 4825 = n*g. List the prime factors of g.
5, 193
Let l(i) = i**3 - 7*i**2 + 5*i - 4. Let c be l(6). Suppose -16 = 4*n, 0 = 3*p + 4*n - 8*n + 458. List the prime factors of (p/4)/(5/c).
79
Let y be 3 - (-3 + -195) - (-15)/(-5). Suppose 0 = a - 2*o - 148, 3*a - y - 236 = o. List the prime factors of a.
2, 3
Suppose -k + 92723 = 4*p, -3*p + 4*k + 59019 = -10509. List the prime factors of p.
2, 5, 19, 61
Suppose -115 = -k + 12. Let l = 1341 - 1281. Suppose -2*o + l = -2*b, -4*o - 4*b + k = -b. List the prime factors of o.
31
Suppose -68708 + 248632 = 31*q. What are the prime factors of q?
2, 1451
Suppose -9383*x - v + 24560 = -9382*x, -v + 3 = 0. List the prime factors of x.
13, 1889
Suppose 0 = -113*q + 425674 - 115150. What are the prime factors of q?
2, 3, 229
Let w = -336 + 303. Let d = w - -441. List the prime factors of d.
2, 3, 17
Suppose 4*d - 804 = -0*m - 2*m, -2*m + 812 = 2*d. Let l = m + 143. List the prime factors of l.
7, 79
What are the prime factors of ((-21)/(-4))/(6 + (-66663)/11112)?
2, 7, 463
Let g(s) = 2309*s + 3 - 4628*s + 2317*s + 3*s**2 + 5*s**2. Suppose -8 = -2*j - 2*j. What are the prime factors of g(j)?
31
Let s be 400/144 - 6/(-27). Let r(u) = -u + 193. Let z be r(0). Suppose 3*y - 289 = -5*c, 3*y = y - s*c + z. List 